{"id":158,"date":"2021-01-22T12:12:01","date_gmt":"2021-01-22T12:12:01","guid":{"rendered":"http:\/\/nlp.pef.mendelu.cz\/?page_id=158"},"modified":"2022-06-20T18:53:26","modified_gmt":"2022-06-20T18:53:26","slug":"mobilni-aplikace-opinio","status":"publish","type":"page","link":"https:\/\/nlp.pef.mendelu.cz\/index.php\/home\/mobilni-aplikace-opinio\/","title":{"rendered":"Mobiln\u00ed aplikace Opinio"},"content":{"rendered":"\n<div class=\"wp-block-group\"><div class=\"wp-block-group__inner-container is-layout-flow wp-block-group-is-layout-flow\">\n<div class=\"wp-block-columns is-layout-flex wp-container-core-columns-is-layout-1 wp-block-columns-is-layout-flex\">\n<div class=\"wp-block-column is-vertically-aligned-center is-layout-flow wp-block-column-is-layout-flow\" style=\"flex-basis:60%\">\n<div class=\"wp-block-image\"><figure class=\"aligncenter size-full is-resized\"><img loading=\"lazy\" decoding=\"async\" src=\"https:\/\/nlp.pef.mendelu.cz\/wp-content\/uploads\/2022\/06\/opinio-3.png\" alt=\"\" class=\"wp-image-519\" width=\"135\" height=\"135\" srcset=\"https:\/\/nlp.pef.mendelu.cz\/wp-content\/uploads\/2022\/06\/opinio-3.png 180w, https:\/\/nlp.pef.mendelu.cz\/wp-content\/uploads\/2022\/06\/opinio-3-150x150.png 150w\" sizes=\"auto, (max-width: 135px) 100vw, 135px\" \/><\/figure><\/div>\n\n\n\n<p>Aplikace&nbsp;<em>opinio<\/em>&nbsp;umo\u017e\u0148uje jednodu\u0161e a rychle zjistit zku\u0161enosti a n\u00e1zory re\u00e1ln\u00fdch spot\u0159ebitel\u016f u vybran\u00fdch kategori\u00ed produkt\u016f. Nen\u00ed pot\u0159eba vyhled\u00e1vat a pro\u010d\u00edtat des\u00edtky \u010di stovky recenz\u00ed k hledan\u00e9mu produktu, aplikace&nbsp;<em>opinio<\/em>&nbsp;to ud\u011bl\u00e1 automaticky.<\/p>\n\n\n\n<p><em>Opinio<\/em>&nbsp;nab\u00edz\u00ed stru\u010dnou a p\u0159ehlednou sumarizaci informac\u00ed z\u00edskan\u00fdch ze v\u0161ech recenz\u00ed. Hodnot\u00edc\u00ed krit\u00e9ria p\u0159irozen\u011b vypl\u00fdvaj\u00ed ze zpracov\u00e1van\u00fdch recenz\u00ed na z\u00e1klad\u011b nej\u010dast\u011bji zmi\u0148ovan\u00fdch vlastnost\u00ed a parametr\u016f. Z\u00e1kazn\u00edk tak m\u016f\u017ee okam\u017eit\u011b zjistit siln\u00e9 a slab\u00e9 str\u00e1nky vyb\u00edran\u00e9ho produktu. Unik\u00e1tn\u00ed sk\u00f3re u ka\u017ed\u00e9ho produktu je zalo\u017eeno na pom\u011bru pozitivn\u00edch a negativn\u00edch hodnocen\u00ed a zohled\u0148uje i aktu\u00e1lnost recenz\u00ed.<\/p>\n<\/div>\n\n\n\n<div class=\"wp-block-column is-vertically-aligned-center is-layout-flow wp-block-column-is-layout-flow\" style=\"flex-basis:40%\">\n<div class=\"wp-block-image\"><figure class=\"aligncenter size-full is-resized\"><img loading=\"lazy\" decoding=\"async\" src=\"https:\/\/nlp.pef.mendelu.cz\/wp-content\/uploads\/2022\/06\/voice-assistant.png\" alt=\"\" class=\"wp-image-439\" width=\"616\" height=\"536\" srcset=\"https:\/\/nlp.pef.mendelu.cz\/wp-content\/uploads\/2022\/06\/voice-assistant.png 821w, https:\/\/nlp.pef.mendelu.cz\/wp-content\/uploads\/2022\/06\/voice-assistant-300x261.png 300w, https:\/\/nlp.pef.mendelu.cz\/wp-content\/uploads\/2022\/06\/voice-assistant-768x669.png 768w\" sizes=\"auto, (max-width: 616px) 100vw, 616px\" \/><\/figure><\/div>\n<\/div>\n<\/div>\n\n\n\n<hr class=\"wp-block-separator is-style-dots\"\/>\n\n\n\n<div style=\"height:25px\" aria-hidden=\"true\" class=\"wp-block-spacer\"><\/div>\n\n\n\n<div class=\"wp-block-columns is-layout-flex wp-container-core-columns-is-layout-2 wp-block-columns-is-layout-flex\">\n<div class=\"wp-block-column is-layout-flow wp-block-column-is-layout-flow\" style=\"flex-basis:20%\"><\/div>\n\n\n\n<div class=\"wp-block-column is-layout-flow wp-block-column-is-layout-flow\" style=\"flex-basis:60%\">\n<div class=\"wp-block-group has-background\" style=\"background:linear-gradient(135deg,rgb(252,252,252) 0%,rgb(245,254,237) 0%)\"><div class=\"wp-block-group__inner-container is-layout-flow wp-block-group-is-layout-flow\">\n<h4 class=\"wp-block-heading\" id=\"funkce-aplikace\"><strong>Funkce aplikace:<\/strong><\/h4>\n\n\n\n<ul class=\"wp-block-list\"><li>zobrazen\u00ed seznamu produkt\u016f,<\/li><li>detailn\u00ed informace o jednotliv\u00fdch produktech,<\/li><li>porovn\u00e1va\u010d produkt\u016f,<\/li><li>skener produktov\u00fdch \u0161t\u00edtk\u016f pro snaz\u0161\u00ed zad\u00e1v\u00e1n\u00ed n\u00e1zv\u016f produkt\u016f,<\/li><li>\u0159azen\u00ed produkt\u016f podle r\u016fzn\u00fdch krit\u00e9ri\u00ed,<\/li><li>ukl\u00e1d\u00e1n\u00ed obl\u00edben\u00fdch produkt\u016f,<\/li><li>hled\u00e1n\u00ed produktu podle n\u00e1zvu a mnoha dal\u0161\u00edch krit\u00e9ri\u00ed.<\/li><\/ul>\n<\/div><\/div>\n<\/div>\n\n\n\n<div class=\"wp-block-column is-layout-flow wp-block-column-is-layout-flow\" style=\"flex-basis:20%\"><\/div>\n<\/div>\n\n\n\n<div style=\"height:50px\" aria-hidden=\"true\" class=\"wp-block-spacer\"><\/div>\n\n\n\n<div class=\"wp-block-columns is-layout-flex wp-container-core-columns-is-layout-3 wp-block-columns-is-layout-flex\">\n<div class=\"wp-block-column is-layout-flow wp-block-column-is-layout-flow\" style=\"flex-basis:10%\"><\/div>\n\n\n\n<div class=\"wp-block-column is-vertically-aligned-center has-background is-layout-flow wp-block-column-is-layout-flow\" style=\"background:linear-gradient(135deg,rgb(238,238,238) 0%,rgb(238,238,238) 0%);flex-basis:80%\">\n<h3 class=\"wp-block-heading\" id=\"nahled-aplikace\">N\u00e1hled aplikace<\/h3>\n\n\n\n<figure class=\"wp-block-gallery columns-4 is-cropped wp-block-gallery-1 is-layout-flex wp-block-gallery-is-layout-flex\"><ul class=\"blocks-gallery-grid\"><li class=\"blocks-gallery-item\"><figure><img loading=\"lazy\" decoding=\"async\" width=\"473\" height=\"1024\" src=\"https:\/\/nlp.pef.mendelu.cz\/wp-content\/uploads\/2022\/06\/1-473x1024.png\" alt=\"\" data-id=\"351\" data-full-url=\"https:\/\/nlp.pef.mendelu.cz\/wp-content\/uploads\/2022\/06\/1.png\" data-link=\"https:\/\/nlp.pef.mendelu.cz\/index.php\/home\/mobilni-aplikace-opinio\/attachment\/1\/\" class=\"wp-image-351\" srcset=\"https:\/\/nlp.pef.mendelu.cz\/wp-content\/uploads\/2022\/06\/1-473x1024.png 473w, https:\/\/nlp.pef.mendelu.cz\/wp-content\/uploads\/2022\/06\/1-138x300.png 138w, https:\/\/nlp.pef.mendelu.cz\/wp-content\/uploads\/2022\/06\/1-768x1664.png 768w, https:\/\/nlp.pef.mendelu.cz\/wp-content\/uploads\/2022\/06\/1-709x1536.png 709w, https:\/\/nlp.pef.mendelu.cz\/wp-content\/uploads\/2022\/06\/1-945x2048.png 945w, https:\/\/nlp.pef.mendelu.cz\/wp-content\/uploads\/2022\/06\/1.png 1080w\" sizes=\"auto, (max-width: 473px) 100vw, 473px\" \/><\/figure><\/li><li class=\"blocks-gallery-item\"><figure><img loading=\"lazy\" decoding=\"async\" width=\"1080\" height=\"2340\" src=\"https:\/\/nlp.pef.mendelu.cz\/wp-content\/uploads\/2022\/06\/4-473x1024.png\" alt=\"\" data-id=\"352\" data-full-url=\"https:\/\/nlp.pef.mendelu.cz\/wp-content\/uploads\/2022\/06\/4.png\" data-link=\"https:\/\/nlp.pef.mendelu.cz\/index.php\/home\/mobilni-aplikace-opinio\/attachment\/4\/\" class=\"wp-image-352\" srcset=\"https:\/\/nlp.pef.mendelu.cz\/wp-content\/uploads\/2022\/06\/4-473x1024.png 473w, https:\/\/nlp.pef.mendelu.cz\/wp-content\/uploads\/2022\/06\/4-138x300.png 138w, https:\/\/nlp.pef.mendelu.cz\/wp-content\/uploads\/2022\/06\/4-768x1664.png 768w, https:\/\/nlp.pef.mendelu.cz\/wp-content\/uploads\/2022\/06\/4-709x1536.png 709w, https:\/\/nlp.pef.mendelu.cz\/wp-content\/uploads\/2022\/06\/4-945x2048.png 945w, https:\/\/nlp.pef.mendelu.cz\/wp-content\/uploads\/2022\/06\/4.png 1080w\" sizes=\"auto, (max-width: 1080px) 100vw, 1080px\" \/><\/figure><\/li><li class=\"blocks-gallery-item\"><figure><img loading=\"lazy\" decoding=\"async\" width=\"473\" height=\"1024\" src=\"https:\/\/nlp.pef.mendelu.cz\/wp-content\/uploads\/2022\/06\/2-473x1024.png\" alt=\"\" data-id=\"353\" data-full-url=\"https:\/\/nlp.pef.mendelu.cz\/wp-content\/uploads\/2022\/06\/2.png\" data-link=\"https:\/\/nlp.pef.mendelu.cz\/index.php\/home\/mobilni-aplikace-opinio\/attachment\/2\/\" class=\"wp-image-353\" srcset=\"https:\/\/nlp.pef.mendelu.cz\/wp-content\/uploads\/2022\/06\/2-473x1024.png 473w, https:\/\/nlp.pef.mendelu.cz\/wp-content\/uploads\/2022\/06\/2-138x300.png 138w, https:\/\/nlp.pef.mendelu.cz\/wp-content\/uploads\/2022\/06\/2-768x1664.png 768w, https:\/\/nlp.pef.mendelu.cz\/wp-content\/uploads\/2022\/06\/2-709x1536.png 709w, https:\/\/nlp.pef.mendelu.cz\/wp-content\/uploads\/2022\/06\/2-945x2048.png 945w, https:\/\/nlp.pef.mendelu.cz\/wp-content\/uploads\/2022\/06\/2.png 1080w\" sizes=\"auto, (max-width: 473px) 100vw, 473px\" \/><\/figure><\/li><li class=\"blocks-gallery-item\"><figure><img loading=\"lazy\" decoding=\"async\" width=\"473\" height=\"1024\" src=\"https:\/\/nlp.pef.mendelu.cz\/wp-content\/uploads\/2022\/06\/3-473x1024.png\" alt=\"\" data-id=\"354\" data-full-url=\"https:\/\/nlp.pef.mendelu.cz\/wp-content\/uploads\/2022\/06\/3.png\" data-link=\"https:\/\/nlp.pef.mendelu.cz\/index.php\/home\/mobilni-aplikace-opinio\/attachment\/3\/\" class=\"wp-image-354\" srcset=\"https:\/\/nlp.pef.mendelu.cz\/wp-content\/uploads\/2022\/06\/3-473x1024.png 473w, https:\/\/nlp.pef.mendelu.cz\/wp-content\/uploads\/2022\/06\/3-138x300.png 138w, https:\/\/nlp.pef.mendelu.cz\/wp-content\/uploads\/2022\/06\/3-768x1664.png 768w, https:\/\/nlp.pef.mendelu.cz\/wp-content\/uploads\/2022\/06\/3-709x1536.png 709w, https:\/\/nlp.pef.mendelu.cz\/wp-content\/uploads\/2022\/06\/3-945x2048.png 945w, https:\/\/nlp.pef.mendelu.cz\/wp-content\/uploads\/2022\/06\/3.png 1080w\" sizes=\"auto, (max-width: 473px) 100vw, 473px\" \/><\/figure><\/li><\/ul><\/figure>\n<\/div>\n\n\n\n<div class=\"wp-block-column is-layout-flow wp-block-column-is-layout-flow\" style=\"flex-basis:10%\"><\/div>\n<\/div>\n\n\n\n<div style=\"height:50px\" aria-hidden=\"true\" class=\"wp-block-spacer\"><\/div>\n\n\n\n<div class=\"wp-block-columns is-layout-flex wp-container-core-columns-is-layout-5 wp-block-columns-is-layout-flex\">\n<div class=\"wp-block-column is-layout-flow wp-block-column-is-layout-flow\" style=\"flex-basis:20%\"><\/div>\n\n\n\n<div class=\"wp-block-column is-layout-flow wp-block-column-is-layout-flow\" style=\"flex-basis:60%\">\n<div class=\"wp-block-group\"><div class=\"wp-block-group__inner-container is-layout-flow wp-block-group-is-layout-flow\">\n<h2 class=\"wp-block-heading\" id=\"uplatneni\">Uplatn\u011bn\u00ed<\/h2>\n\n\n\n<div class=\"wp-block-columns is-layout-flex wp-container-core-columns-is-layout-4 wp-block-columns-is-layout-flex\">\n<div class=\"wp-block-column is-vertically-aligned-top is-layout-flow wp-block-column-is-layout-flow\" style=\"flex-basis:60%\">\n<p>Aplikace je vyu\u017e\u00edv\u00e1na spole\u010dnost\u00ed&nbsp;<a rel=\"noreferrer noopener\" href=\"https:\/\/www.ccfr.cz\/\" target=\"_blank\">CCF Research<\/a>, a.s. Nav\u0161tivte&nbsp;<strong><a rel=\"noreferrer noopener\" href=\"https:\/\/mta.ccfr.cz\/product-reviews\/\" target=\"_blank\">produktovou str\u00e1nku<\/a><\/strong>&nbsp;spole\u010dnosti, kter\u00e1 popisuje podrobn\u011bji jej\u00ed pou\u017eit\u00ed a mo\u017enost vyu\u017eit\u00ed potenci\u00e1ln\u00edmi z\u00e1kazn\u00edky.<\/p>\n<\/div>\n\n\n\n<div class=\"wp-block-column is-layout-flow wp-block-column-is-layout-flow\" style=\"flex-basis:33.33%\">\n<div class=\"wp-block-image\"><figure class=\"aligncenter size-full is-resized\"><img loading=\"lazy\" decoding=\"async\" src=\"https:\/\/nlp.pef.mendelu.cz\/wp-content\/uploads\/2022\/06\/mobile-app.png\" alt=\"\" class=\"wp-image-441\" width=\"219\" height=\"186\" srcset=\"https:\/\/nlp.pef.mendelu.cz\/wp-content\/uploads\/2022\/06\/mobile-app.png 877w, https:\/\/nlp.pef.mendelu.cz\/wp-content\/uploads\/2022\/06\/mobile-app-300x255.png 300w, https:\/\/nlp.pef.mendelu.cz\/wp-content\/uploads\/2022\/06\/mobile-app-768x652.png 768w\" sizes=\"auto, (max-width: 219px) 100vw, 219px\" \/><\/figure><\/div>\n<\/div>\n<\/div>\n<\/div><\/div>\n<\/div>\n\n\n\n<div class=\"wp-block-column is-layout-flow wp-block-column-is-layout-flow\" style=\"flex-basis:20%\"><\/div>\n<\/div>\n\n\n\n<div class=\"wp-block-columns is-layout-flex wp-container-core-columns-is-layout-6 wp-block-columns-is-layout-flex\">\n<div class=\"wp-block-column is-layout-flow wp-block-column-is-layout-flow\" style=\"flex-basis:20%\"><\/div>\n\n\n\n<div class=\"wp-block-column is-layout-flow wp-block-column-is-layout-flow\" style=\"flex-basis:60%\">\n<div class=\"wp-block-group\"><div class=\"wp-block-group__inner-container is-layout-flow wp-block-group-is-layout-flow\">\n<div class=\"wp-block-group\"><div class=\"wp-block-group__inner-container is-layout-flow wp-block-group-is-layout-flow\">\n<h2 class=\"wp-block-heading\" id=\"publikace\">Publikace<\/h2>\n<\/div><\/div>\n\n\n\n<div class=\"wp-block-group has-background\" style=\"background:linear-gradient(135deg,rgb(238,238,238) 0%,rgb(245,245,245) 0%)\"><div class=\"wp-block-group__inner-container is-layout-flow wp-block-group-is-layout-flow\">\n<p>Podrobn\u00fd popis aplikace lze nal\u00e9zt v \u010dl\u00e1nku prezentovan\u00e9m na konferenci ECOS 2021:<strong>&nbsp;<\/strong><a rel=\"noreferrer noopener\" href=\"https:\/\/akela.mendelu.cz\/~jprich\/prichystal-opinio.pdf\" target=\"_blank\">LANDA, J. P\u0158ICHYSTAL, J. Mobile application opinio, Working paper [online], Available at: https:\/\/akela.mendelu.cz\/~jprich\/prichystal-opinio.pdf<\/a><\/p>\n<\/div><\/div>\n<\/div><\/div>\n<\/div>\n\n\n\n<div class=\"wp-block-column is-layout-flow wp-block-column-is-layout-flow\" style=\"flex-basis:20%\"><\/div>\n<\/div>\n\n\n\n<div class=\"wp-block-columns is-layout-flex wp-container-core-columns-is-layout-7 wp-block-columns-is-layout-flex\">\n<div class=\"wp-block-column is-layout-flow wp-block-column-is-layout-flow\" style=\"flex-basis:20%\"><\/div>\n\n\n\n<div class=\"wp-block-column is-layout-flow wp-block-column-is-layout-flow\" style=\"flex-basis:60%\">\n<div class=\"wp-block-group\"><div class=\"wp-block-group__inner-container is-layout-flow wp-block-group-is-layout-flow\">\n<div class=\"wp-block-group\"><div class=\"wp-block-group__inner-container is-layout-flow wp-block-group-is-layout-flow\">\n<h3 class=\"wp-block-heading\" id=\"ke-stahnuti\">Ke st\u00e1hnut\u00ed<\/h3>\n<\/div><\/div>\n\n\n\n<div class=\"wp-block-group\"><div class=\"wp-block-group__inner-container is-layout-flow wp-block-group-is-layout-flow\">\n<div class=\"wp-block-image\"><figure class=\"aligncenter size-full is-resized\"><a href=\"https:\/\/play.google.com\/store\/apps\/details?id=cz.product.reviews\"><img loading=\"lazy\" decoding=\"async\" src=\"https:\/\/nlp.pef.mendelu.cz\/wp-content\/uploads\/2022\/06\/google-play-badge.png\" alt=\"\" class=\"wp-image-443\" width=\"323\" height=\"125\" srcset=\"https:\/\/nlp.pef.mendelu.cz\/wp-content\/uploads\/2022\/06\/google-play-badge.png 646w, https:\/\/nlp.pef.mendelu.cz\/wp-content\/uploads\/2022\/06\/google-play-badge-300x116.png 300w\" sizes=\"auto, (max-width: 323px) 100vw, 323px\" \/><\/a><figcaption>S\u00e1hn\u011bte si aplikaci z Google play<\/figcaption><\/figure><\/div>\n<\/div><\/div>\n<\/div><\/div>\n<\/div>\n\n\n\n<div class=\"wp-block-column is-layout-flow wp-block-column-is-layout-flow\" style=\"flex-basis:20%\"><\/div>\n<\/div>\n<\/div><\/div>\n\n\n\n<p><\/p>\n","protected":false},"excerpt":{"rendered":"<p>Aplikace&nbsp;opinio&nbsp;umo\u017e\u0148uje jednodu\u0161e a rychle zjistit zku\u0161enosti a n\u00e1zory re\u00e1ln\u00fdch spot\u0159ebitel\u016f u vybran\u00fdch kategori\u00ed produkt\u016f. Nen\u00ed pot\u0159eba vyhled\u00e1vat a pro\u010d\u00edtat des\u00edtky [&hellip;]<\/p>\n","protected":false},"author":1,"featured_media":234,"parent":8,"menu_order":0,"comment_status":"closed","ping_status":"closed","template":"","meta":{"footnotes":""},"class_list":["post-158","page","type-page","status-publish","has-post-thumbnail","hentry"],"_links":{"self":[{"href":"https:\/\/nlp.pef.mendelu.cz\/index.php\/wp-json\/wp\/v2\/pages\/158","targetHints":{"allow":["GET"]}}],"collection":[{"href":"https:\/\/nlp.pef.mendelu.cz\/index.php\/wp-json\/wp\/v2\/pages"}],"about":[{"href":"https:\/\/nlp.pef.mendelu.cz\/index.php\/wp-json\/wp\/v2\/types\/page"}],"author":[{"embeddable":true,"href":"https:\/\/nlp.pef.mendelu.cz\/index.php\/wp-json\/wp\/v2\/users\/1"}],"replies":[{"embeddable":true,"href":"https:\/\/nlp.pef.mendelu.cz\/index.php\/wp-json\/wp\/v2\/comments?post=158"}],"version-history":[{"count":28,"href":"https:\/\/nlp.pef.mendelu.cz\/index.php\/wp-json\/wp\/v2\/pages\/158\/revisions"}],"predecessor-version":[{"id":521,"href":"https:\/\/nlp.pef.mendelu.cz\/index.php\/wp-json\/wp\/v2\/pages\/158\/revisions\/521"}],"up":[{"embeddable":true,"href":"https:\/\/nlp.pef.mendelu.cz\/index.php\/wp-json\/wp\/v2\/pages\/8"}],"wp:featuredmedia":[{"embeddable":true,"href":"https:\/\/nlp.pef.mendelu.cz\/index.php\/wp-json\/wp\/v2\/media\/234"}],"wp:attachment":[{"href":"https:\/\/nlp.pef.mendelu.cz\/index.php\/wp-json\/wp\/v2\/media?parent=158"}],"curies":[{"name":"wp","href":"https:\/\/api.w.org\/{rel}","templated":true}]}}